{"id":176,"date":"2020-05-21T18:32:15","date_gmt":"2020-05-21T16:32:15","guid":{"rendered":"http:\/\/www.vvd-nouvelle-aquitaine.croucrou.com\/?page_id=176"},"modified":"2020-06-25T01:32:22","modified_gmt":"2020-06-24T23:32:22","slug":"maitre-michel-py","status":"publish","type":"page","link":"https:\/\/www.vvd-nouvelle-aquitaine.croucrou.com\/index.php\/maitres\/maitre-michel-py\/","title":{"rendered":"Ma\u00eetre Michel PY"},"content":{"rendered":"\n<div class=\"wp-block-group\"><div class=\"wp-block-group__inner-container is-layout-flow wp-block-group-is-layout-flow\">\n<p class=\"has-text-align-left\">Ceinture rouge 5<sup>\u00e8me<\/sup> Dang Vovinam Vi\u00eat V\u00f5 Dao depuis 2014 (th\u00e8se pr\u00e9sent\u00e9e \u00e0 Paris en juillet 2014). <br>D\u00e9bute le Vovinam Vi\u00eat V\u00f5 Dao \u00e0 Poitiers au Cercle Culturel Vovinam Vi\u00eat V\u00f5 Dao Cay Tre en septembre 1985 sous la direction de Ma\u00eetre Ba Thien (Emile Deprat).<\/p>\n\n\n\n<div class=\"wp-block-image\"><figure class=\"aligncenter size-large is-resized\"><img loading=\"lazy\" decoding=\"async\" src=\"http:\/\/www.vvd-nouvelle-aquitaine.croucrou.com\/wp-content\/uploads\/2020\/05\/Photo_Me_PY-e1590852336152-941x1024.jpg\" alt=\"\" class=\"wp-image-327\" width=\"294\" height=\"320\" srcset=\"https:\/\/www.vvd-nouvelle-aquitaine.croucrou.com\/wp-content\/uploads\/2020\/05\/Photo_Me_PY-e1590852336152-941x1024.jpg 941w, https:\/\/www.vvd-nouvelle-aquitaine.croucrou.com\/wp-content\/uploads\/2020\/05\/Photo_Me_PY-e1590852336152-276x300.jpg 276w, https:\/\/www.vvd-nouvelle-aquitaine.croucrou.com\/wp-content\/uploads\/2020\/05\/Photo_Me_PY-e1590852336152-768x835.jpg 768w, https:\/\/www.vvd-nouvelle-aquitaine.croucrou.com\/wp-content\/uploads\/2020\/05\/Photo_Me_PY-e1590852336152.jpg 1323w\" sizes=\"auto, (max-width: 294px) 100vw, 294px\" \/><\/figure><\/div>\n\n\n\n<h4 class=\"wp-block-heading\">Fonctions f\u00e9d\u00e9rales occup\u00e9es :<\/h4>\n\n\n\n<ul class=\"wp-block-list\"><li>Responsable Comit\u00e9 Poitou-Charentes de 2008 \u00e0 2017.<\/li><li>Responsable adjoint Passages de grades Nationaux de 2009 \u00e0 2013.<\/li><li>Membre Comit\u00e9 Directeur F\u00e9d\u00e9ration Vovinam Vi\u00eat V\u00f5 Dao France de 2009 \u00e0 2014.<\/li><\/ul>\n<\/div><\/div>\n\n\n\n<h4 class=\"wp-block-heading\">Fonctions actuelles :<\/h4>\n\n\n\n<ul class=\"wp-block-list\"><li>Pr\u00e9sident du Cercle Culturel Vovinam Vi\u00eat V\u00f5 Dao Cay Tre de Poitiers depuis 1995.<\/li><li>Responsable Technique du Club de Poitiers depuis 1997.<\/li><li>Responsable Passage de grades Nationaux depuis 2013.<\/li><\/ul>\n\n\n\n<figure class=\"wp-block-image size-large\"><img loading=\"lazy\" decoding=\"async\" width=\"702\" height=\"1024\" src=\"http:\/\/www.vvd-nouvelle-aquitaine.croucrou.com\/wp-content\/uploads\/2020\/05\/SC_2019-01-13_13-34-17-702x1024.jpg\" alt=\"\" class=\"wp-image-237\" srcset=\"https:\/\/www.vvd-nouvelle-aquitaine.croucrou.com\/wp-content\/uploads\/2020\/05\/SC_2019-01-13_13-34-17-702x1024.jpg 702w, https:\/\/www.vvd-nouvelle-aquitaine.croucrou.com\/wp-content\/uploads\/2020\/05\/SC_2019-01-13_13-34-17-206x300.jpg 206w, https:\/\/www.vvd-nouvelle-aquitaine.croucrou.com\/wp-content\/uploads\/2020\/05\/SC_2019-01-13_13-34-17-768x1120.jpg 768w, https:\/\/www.vvd-nouvelle-aquitaine.croucrou.com\/wp-content\/uploads\/2020\/05\/SC_2019-01-13_13-34-17-1053x1536.jpg 1053w, https:\/\/www.vvd-nouvelle-aquitaine.croucrou.com\/wp-content\/uploads\/2020\/05\/SC_2019-01-13_13-34-17-1404x2048.jpg 1404w, https:\/\/www.vvd-nouvelle-aquitaine.croucrou.com\/wp-content\/uploads\/2020\/05\/SC_2019-01-13_13-34-17-scaled.jpg 1755w\" sizes=\"auto, (max-width: 702px) 100vw, 702px\" \/><\/figure>\n","protected":false},"excerpt":{"rendered":"<p>Ceinture rouge 5\u00e8me Dang Vovinam Vi\u00eat V\u00f5 Dao depuis 2014 (th\u00e8se pr\u00e9sent\u00e9e \u00e0 Paris en <a class=\"more-link\" href=\"https:\/\/www.vvd-nouvelle-aquitaine.croucrou.com\/index.php\/maitres\/maitre-michel-py\/\">Lire plus\u00a0\u2026<\/a><\/p>\n","protected":false},"author":1,"featured_media":238,"parent":5,"menu_order":0,"comment_status":"closed","ping_status":"closed","template":"","meta":{"footnotes":""},"class_list":["post-176","page","type-page","status-publish","has-post-thumbnail","hentry"],"_links":{"self":[{"href":"https:\/\/www.vvd-nouvelle-aquitaine.croucrou.com\/index.php\/wp-json\/wp\/v2\/pages\/176","targetHints":{"allow":["GET"]}}],"collection":[{"href":"https:\/\/www.vvd-nouvelle-aquitaine.croucrou.com\/index.php\/wp-json\/wp\/v2\/pages"}],"about":[{"href":"https:\/\/www.vvd-nouvelle-aquitaine.croucrou.com\/index.php\/wp-json\/wp\/v2\/types\/page"}],"author":[{"embeddable":true,"href":"https:\/\/www.vvd-nouvelle-aquitaine.croucrou.com\/index.php\/wp-json\/wp\/v2\/users\/1"}],"replies":[{"embeddable":true,"href":"https:\/\/www.vvd-nouvelle-aquitaine.croucrou.com\/index.php\/wp-json\/wp\/v2\/comments?post=176"}],"version-history":[{"count":11,"href":"https:\/\/www.vvd-nouvelle-aquitaine.croucrou.com\/index.php\/wp-json\/wp\/v2\/pages\/176\/revisions"}],"predecessor-version":[{"id":528,"href":"https:\/\/www.vvd-nouvelle-aquitaine.croucrou.com\/index.php\/wp-json\/wp\/v2\/pages\/176\/revisions\/528"}],"up":[{"embeddable":true,"href":"https:\/\/www.vvd-nouvelle-aquitaine.croucrou.com\/index.php\/wp-json\/wp\/v2\/pages\/5"}],"wp:featuredmedia":[{"embeddable":true,"href":"https:\/\/www.vvd-nouvelle-aquitaine.croucrou.com\/index.php\/wp-json\/wp\/v2\/media\/238"}],"wp:attachment":[{"href":"https:\/\/www.vvd-nouvelle-aquitaine.croucrou.com\/index.php\/wp-json\/wp\/v2\/media?parent=176"}],"curies":[{"name":"wp","href":"https:\/\/api.w.org\/{rel}","templated":true}]}}